ative of -m**4/12 + 2*m**2. Give k(i).
-4
Let h be (-480)/(-90)*(-7 + 4). Let d(v) = v + 18. Give d(h).
2
Let h(c) = -c - 3 + 4*c**3 - 3*c**3 + 2*c**2 + 2*c**2. Let y(b) = -13*b + 1. Let u(v) = 28*v - 3. Let q(t) = -6*u(t) - 13*y(t). Let j be q(-8). What is h(j)?
9
Let k(t) = -t**2 - 2*t + 2. Let a(r) = 8*r + 94. Let g be a(-12). Calculate k(g).
2
Let n(v) = 2*v**3 - v**2 - 2*v + 1. Let l(u) = u**3 - 3*u**2 - u + 5. Let h be l(3). Calculate n(h).
9
Let k(w) = 2*w**3 + 3*w**2 + 3*w + 2. Suppose 0*q = 4*q - 8. Suppose -v - q = -0*v. Give k(v).
-8
Let c = -3 - -8. Suppose 0*n = -n + c*p, 0 = -5*n - 5*p - 30. Let q = 2 + n. Let w(x) = x**3 + 2*x**2 - 3*x - 1. Determine w(q).
-1
Let a(d) = 4*d - 3. Suppose 0 = x - 2*o - 5, 5*o = 4*x - 8 - 6. Let c be 8/3*x/(8/12). Calculate a(c).
13
Let b = 116 - 120. Let r(p) = 4*p**3 + 5*p**2 - 2*p - 1. Let g(d) = -11*d**3 - 15*d**2 + 5*d + 3. Let u(h) = -3*g(h) - 8*r(h). Give u(b).
11
Let q(m) = 11*m**2 - 2*m - 2. Suppose 16 = -42*a - 68. Calculate q(a).
46
Let l(m) be the third derivative of m**6/120 - m**5/60 + m**4/12 + m**3 + 49*m**2 - m. Calculate l(0).
6
Let c(v) = 4 + 2 + 2 + 2*v. Let d be (-17)/((-204)/(-24))*(0 + 7/2). Determine c(d).
-6
Let n(m) = -m**3 - 42*m**2 + 86*m - 83. Let f be n(-44). Let r(b) = b**3 - 6*b**2 - b + 10. Calculate r(f).
-20
Let v(i) be the first derivative of i**3/2 + 14*i + 13. Let w(p) be the first derivative of v(p). Give w(2).
6
Let m(i) = 3*i**2 + 4*i**2 - 10*i**2 + 6*i**2 - 2*i**2 + 6*i - 7. What is m(-6)?
-7
Let l(z) = z + 1. Let i = 0 - -22. Let w = -28 + i. Let f be (12/5)/w*5. What is l(f)?
-1
Suppose 15 = 2*f + 35. Let c be 7/(-5) + f/(-25). Let h be (-2*c/(-1))/(-1). Let l(w) = w**2 - w + 1. What is l(h)?
3
Let v(q) = -5*q**3 - 9*q**2 - q + 3. Let s be 42/11 - 6/(-33). Let z(t) = -t**3 - t**2 - t - 1. Let k(b) = s*z(b) - v(b). Let m = 4 + -9. Calculate k(m).
8
Let h(c) = -c**3 + 2*c**2 - 3*c. Let d(w) = 5*w**2 - 5*w - 4. Let p be d(4). Let i be 14/105 - p/(-30). Suppose i*b = 10, 5*z + 5 = -3*b + 6*b. Calculate h(z).
-6
Let a be 65/(-10) + 6/4. Let f(z) = -2*z**2 - 6*z + 1. Calculate f(a).
-19
Let j be 8 - 4 - (0 + 3). Let v be (-11 + j)*(-1 - 3). Let g(n) = 2 - 1 + 37*n - v*n. What is g(3)?
-8
Let x(f) = -2*f**2 - 17*f + 27. Let s(p) = -p**2 - 8*p + 13. Let h(m) = 13*s(m) - 6*x(m). Give h(5).
-28
Let p(z) be the second derivative of 3*z - 1/3*z**3 + 0*z**2 + 0 - 1/12*z**4. Calculate p(-2).
0
Let j = 6 - 3. Let s be 14/(0 + 0 - (-24)/84). Let q(p) = -93 + s + 47 - p. What is q(j)?
0
Let g = 104 + -176. Let s be g/(-10) - (-52)/65. Let y(x) = x**3 - 9*x**2 + 8*x + 11. Give y(s).
11
Let x(t) = -2*t + 1 - 1 + 3. Suppose -3*y = -4*y. Suppose -3*s - w + 10 = 0, -s - s - 5*w + 24 = y. Calculate x(s).
-1
Let j(t) = t**2 + 2*t + 10. Let w be j(-6). Suppose -w*c = -43*c. Let u(v) = -v**3 - v**2 + v - 4. Give u(c).
-4
Let w be (-1 - -3) + (-9 - -2). Let n(v) be the third derivative of v**6/120 + 7*v**5/60 + v**4/3 + v**3 + 11*v**2 + 13*v. Determine n(w).
16
Let v(n) be the third derivative of -1/30*n**5 + 0 + 5/6*n**3 + 0*n - 10*n**2 - 5/24*n**4 + 1/120*n**6. Let c = -4 + 8. What is v(c)?
17
Let h(d) = -7*d. Suppose -4*j + f - 11 = 0, 0*f = j + 3*f + 6. Suppose 2*m + 13 + 5 = 4*r, -5*r - 5*m = 0. Let i be j - (-7 - -1)/r. Calculate h(i).
7
Suppose -5 = 4*z - 4*m + 675, 2*z + 340 = m. Let p be z/(-70) + 3/(-7). Let i(l) = -3*l**2 + p*l**2 + 10*l - 3 - 2*l + 0*l**2. Calculate i(6).
9
Let i(z) = -z**2 + 3*z + 7. Suppose -26 + 10 = -v - 3*t, -4*t = v - 20. Suppose v = -3*l + 2*j, -l - j = l + 12. Let b be -3 + -2*1*l. Determine i(b).
-3
Let b = 23 - 20. Suppose -b*w + 12 = 0, 5*j + w + 2 = -9. Let h(u) = -3*u**3 + 2*u**3 - u**2 + 3 - 2*u**2. Calculate h(j).
3
Let u = 133 + -134. Let r(n) = 8*n + 0 - 7*n + 0 - 1. Give r(u).
-2
Suppose -2*s + 2 = -6. Suppose -2*d + s = -4. Let h(m) = m**2 - 3*m. Let z(o) = 2*o**2 - 7*o + 1. Let b(n) = 5*h(n) - 3*z(n). Give b(d).
5
Let b(k) = -k**3 + 5*k**2 + 15*k - 75. Let y be b(5). Let c(g) = -g + 1. Determine c(y).
1
Suppose -28*a + 36 + 20 = 0. Let j(d) be the first derivative of -d**3/3 + 2*d**2 - 2*d + 4. What is j(a)?
2
Let j(v) = v**3 - 5*v**2 - 11*v + 9. Let q be ((-42)/(-15))/((-4)/(-10)). What is j(q)?
30
Suppose 8*i - 5 = 11. Suppose -4*c + i*c = -3*c. Let j(b) = -b + 7. Calculate j(c).
7
Let l(f) = -209*f**2 - 9 + 416*f**2 - 208*f**2 + 7*f. Give l(7).
-9
Let h(s) = -4*s + 1. Suppose -4*p + 3*p = -2. Let b be h(p). Let q(o) = o**2 + 8*o - 2. Give q(b).
-9
Let v(n) = 10*n + 22. Let y be v(-2). Let x(a) be the third derivative of -a**5/60 + a**4/12 - a**3/2 + a**2. What is x(y)?
-3
Let l be (1 + -3 - 0)/(-2). Let h(z) = -2*z + 7*z - 2*z + l - 7*z. What is h(-2)?
9
Let r(f) be the third derivative of f**4/12 + 5*f**3/6 + 35*f**2. Let v(j) = -4*j - 1. Let z = -4 - -5. Let s be v(z). Determine r(s).
-5
Let f be (6 + (-17)/3)/5. Let v(h) be the third derivative of -1/3*h**3 + 0 + 1/12*h**4 + 8*h**2 + f*h**5 + 1/120*h**6 + 0*h. Give v(-2).
2
Let l(j) = -j**2 - 25*j + 26. Let n(b) = -5*b + 5. Let a(i) = -2*l(i) + 11*n(i). Let q = 0 + -1. Let d be (-33)/22*(q - 1). Calculate a(d).
6
Let n(m) = -m**2 - 3*m + 15. Let q be (-3)/(-5) + (-36)/(-15). Give n(q).
-3
Let j(s) = -s**2 - 5*s - 4. Let p = -591 + 586. Give j(p).
-4
Let k(n) = 2*n + 15. Suppose 26*y + 330 = -4*y. Give k(y).
-7
Suppose 96*c + 749 = 77. Let k(f) be the second derivative of f**5/20 + 2*f**4/3 + 4*f**3/3 + f**2/2 - f. Calculate k(c).
-6
Let o be 3/8 + (-341)/248. Let b(f) = -21*f - 16. Let q(h) = -4*h - 3. Let j(y) = 2*b(y) - 11*q(y). Let p(m) = -1. Let s(g) = j(g) + 2*p(g). Give s(o).
-3
Let v(b) = -34*b - 55. Let j(s) = 21*s + 28. Let z(a) = 5*j(a) + 3*v(a). Calculate z(10).
5
Let u be 2/9 + (-4)/18. Let d = -7 + 15. Let w(x) = 1 + 1 + 21*x**2 + x - d*x**2 - 12*x**2. What is w(u)?
2
Let l be (-224)/22 - (1 + (-91)/77). Let h(n) = -n**3 - 11*n**2 - 7*n + 5. Determine h(l).
-25
Let a(p) = -9*p + 1. Suppose -b + 0 + 1 = 0. What is a(b)?
-8
Let o = 80 - 86. Let m(s) = -s**2 - 7*s + 1. Calculate m(o).
7
Let k(a) = 3*a**3 - 2*a**3 + 0*a**2 + a**2 - a. Suppose -p + m + 2 = 3*p, 5*p + 4*m + 8 = 0. Let v be k(p). Let d(y) = -y - 19. Give d(v).
-19
Let z(k) be the second derivative of -k**5/20 + k**4/3 - 2*k**3/3 + k**2/2 + 2*k. Let s be -5 + (2 - 0/6) + 6. Give z(s).
-2
Let j = 1005 - 999. Let r(p) be the first derivative of -j + 1/3*p**3 + p - 3/2*p**2. Calculate r(4).
5
Let a = 662 + -666. Let x(g) = -g**2 + 5*g + 3. Determine x(a).
-33
Let k(m) = -m**2 - 11*m. Let c(a) = -a**3 + a**2 + 5*a + 19. Let l be c(4). Calculate k(l).
18
Let z(m) = m - 8. Let w(v) = -v**3 + 8*v**2 - 12*v + 3. Let o be w(6). Give z(o).
-5
Let c(g) be the second derivative of -g**4/6 - 8*g**3/3 + 6*g**2 + 140*g. Give c(-9).
-6
Suppose 3*v - 52 = v. Let c = v + -18. Let i be (c/(-10))/((-10)/(-50)). Let x(m) = 2*m + 2. Give x(i).
-6
Suppose 4*l + 15 + 7 = -3*c, -8 = -4*c. Let v(y) = -y + 12. Let k be v(8). Let a(z) = k - 5*z + 4*z - 3. Calculate a(l).
8
Suppose 20 = -4*g - i, -5*g - 33 - 1 = -i. Let v(o) = o**3 + 5*o**2 - 7*o + 3. Determine v(g).
9
Let h(o) = 67*o - 209. Let t be h(3). Let v(n) be the first derivative of -4*n - 1/2*n**2 - 2. What is v(t)?
4
Suppose 0*v = 5*v + 5. Let u be 1 + -1*(1 - v). Let g(q) = -11*q - 1. Determine g(u).
10
Let h = -12 - -36. Let k be (7 - 3)/(-2 - h/(-9)). Let c(l) = l - 2. What is c(k)?
4
Suppose 39*v - 45*v + 6 = 0. Let g(b) = 2*b. What is g(v)?
2
Let b(q) be the first derivative of 0*q + 2*q**3 + q**2 - 5 - 1/4*q**4. What is b(6)?
12
Let g = -13 + 11. Let w be 2/10 + g/10. Let a(j) = -4*j + w*j + 3*j + 2 - 4. Calculate a(3).
-5
Let x(r) = -r**3 + 57*r**2 - 158*r - 217. Let j be x(54). Let f(n) be the third derivative of -n**2 + 1/6*n**3 + 0 + 0*n - 1/8*n**4. What is f(j)?
4
Let i(w) = -w - 4. Suppose 4*o = -3*n - 12, n + 4*o = 6*o - 4. Calculate i(n).
0
Let g(y) be the third derivative of y**4/24 + 5*y**3/3 - y**2 - 10*y. Determine g(0).
10
Let x be ((-4)/24)/((-6)/108). Let s(o) = -o**3 + 3*o**2 + 2. Give s(x).
2
Let j = 6 - 12. Let l(m) = -m. Let u(g) = -1. Let f(t) = j*l(t) + u(t). Suppose 2*z = -2*z - 4. Give f(z).
-7
Let c(g) = g**3 - 10*g**2 + 4*g**3 - 6 + 12*g + 0*g**3 + 3*g**3 - 9*g**3. What is c(-11)?
-17
Suppose 0*o - 4*o + 216 = 0. Let z be (5/2)/((-27)/o).